4?
36
What is the remainder when 3766 is divided by 24?
22
Calculate the remainder when 3477 is divided by 24.
21
What is the remainder when 365 is divided by 63?
50
Calculate the remainder when 63 is divided by 57.
6
What is the remainder when 223 is divided by 112?
111
What is the remainder when 197 is divided by 40?
37
What is the remainder when 5536 is divided by 13?
11
What is the remainder when 116 is divided by 60?
56
Calculate the remainder when 8 is divided by 1.
0
Calculate the remainder when 3733 is divided by 620.
13
What is the remainder when 839 is divided by 16?
7
What is the remainder when 640 is divided by 11?
2
What is the remainder when 645 is divided by 614?
31
What is the remainder when 1210 is divided by 27?
22
Calculate the remainder when 454 is divided by 13.
12
What is the remainder when 4 is divided by 2?
0
What is the remainder when 363 is divided by 30?
3
Calculate the remainder when 157 is divided by 16.
13
Calculate the remainder when 162 is divided by 24.
18
Calculate the remainder when 2443 is divided by 94.
93
What is the remainder when 202 is divided by 49?
6
What is the remainder when 677 is divided by 10?
7
What is the remainder when 1052 is divided by 5?
2
What is the remainder when 616 is divided by 31?
27
Calculate the remainder when 287 is divided by 139.
9
What is the remainder when 1054 is divided by 26?
14
What is the remainder when 23 is divided by 12?
11
Calculate the remainder when 1028 is divided by 310.
98
What is the remainder when 1652 is divided by 67?
44
What is the remainder when 996 is divided by 16?
4
What is the remainder when 802 is divided by 110?
32
Calculate the remainder when 510 is divided by 73.
72
What is the remainder when 72 is divided by 26?
20
What is the remainder when 5578 is divided by 7?
6
What is the remainder when 166 is divided by 23?
5
Calculate the remainder when 503 is divided by 105.
83
What is the remainder when 97 is divided by 34?
29
What is the remainder when 678 is divided by 331?
16
What is the remainder when 144 is divided by 65?
14
What is the remainder when 42034 is divided by 124?
122
What is the remainder when 39 is divided by 5?
4
What is the remainder when 3681 is divided by 217?
209
Calculate the remainder when 37 is divided by 10.
7
Calculate the remainder when 462 is divided by 58.
56
What is the remainder when 19 is divided by 12?
7
Calculate the remainder when 570 is divided by 188.
6
Calculate the remainder when 44465 is divided by 6.
5
What is the remainder when 395 is divided by 44?
43
Calculate the remainder when 144 is divided by 124.
20
Calculate the remainder when 685 is divided by 53.
49
Calculate the remainder when 5867 is divided by 308.
15
What is the remainder when 2577 is divided by 20?
17
Calculate the remainder when 2161 is divided by 38.
33
Calculate the remainder when 222 is divided by 57.
51
Calculate the remainder when 644 is divided by 114.
74
What is the remainder when 957 is divided by 60?
57
Calculate the remainder when 559 is divided by 160.
79
Calculate the remainder when 327 is divided by 83.
78
What is the remainder when 255 is divided by 6?
3
Calculate the remainder when 421 is divided by 33.
25
Calculate the remainder when 717 is divided by 142.
7
What is the remainder when 53 is divided by 25?
3
Calculate the remainder when 11902 is divided by 31.
29
What is the remainder when 361 is divided by 37?
28
Calculate the remainder when 121 is divided by 77.
44
Calculate the remainder when 27 is divided by 16.
11
What is the remainder when 232 is divided by 204?
28
What is the remainder when 252 is divided by 82?
6
Calculate the remainder when 3814 is divided by 1271.
1
Calculate the remainder when 116 is divided by 17.
14
What is the remainder when 1296 is divided by 26?
22
Calculate the remainder when 63537 is divided by 12.
9
Calculate the remainder when 496 is divided by 171.
154
What is the remainder when 256 is divided by 65?
61
Calculate the remainder when 113 is divided by 34.
11
Calculate the remainder when 146 is divided by 43.
17
Calculate the remainder when 187 is divided by 85.
17
Calculate the remainder when 115 is divided by 79.
36
Calculate the remainder when 72 is divided by 23.
3
Calculate the remainder when 58 is divided by 46.
12
What is the remainder when 312 is divided by 21?
18
Calculate the remainder when 2631 is divided by 28.
27
Calculate the remainder when 246 is divided by 36.
30
What is the remainder when 51 is divided by 36?
15
What is the remainder when 12359 is divided by 10?
9
What is the remainder when 764 is divided by 45?
44
Calculate the remainder when 21 is divided by 9.
3
What is the remainder when 61 is divided by 37?
24
What is the remainder when 2906 is divided by 17?
16
Calculate the remainder when 1045 is divided by 330.
55
What is the remainder when 1024 is divided by 29?
9
Calculate the remainder when 2042 is divided by 203.
12
Calculate the remainder when 263 is divided by 12.
11
What is the remainder when 508 is divided by 6?
4
What is the remainder when 100 is divided by 44?
12
Calculate the remainder when 317 is divided by 59.
22
What is the remainder when 665 is divided by 328?
9
What is the remainder when 2539 is divided by 21?
19
What is the remainder when 55 is divided by 30?
25
What is the remainder when 209 is divided by 27?
20
What is the remainder when 5055 is divided by 110?
105
Calculate the remainder when 300 is divided by 14.
6
What is the remainder when 1223 is divided by 173?
12
What is the remainder when 18410 is divided by 66?
62
Calculate the remainder when 477 is divided by 24.
21
What is the remainder when 201 is divided by 26?
19
Calculate the remainder when 475 is divided by 472.
3
What is the remainder when 17565 is divided by 488?
485
What is the remainder when 4269 is divided by 93?
84
What is the remainder when 120 is divided by 25?
20
What is the remainder when 99 is divided by 22?
11
Calculate the remainder when 179 is divided by 28.
11
Calculate the remainder when 350 is divided by 22.
20
What is the remainder when 291 is divided by 102?
87
Calculate the remainder when 428 is divided by 33.
32
What is the remainder when 323 is divided by 107?
2
What is the remainder when 1240 is divided by 1176?
64
Calculate the remainder when 116 is divided by 13.
12
What is the remainder when 1941 is divided by 29?
27
What is the remainder when 6509 is divided by 33?
8
What is the remainder when 2050 is divided by 78?
22
What is the remainder when 541 is divided by 46?
35
What is the remainder when 1283 is divided by 231?
128
Calculate the remainder when 253 is divided by 120.
13
What is the remainder when 968 is divided by 5?
3
What is the remainder when 370 is divided by 92?
2
Calculate the remainder when 199 is divided by 83.
33
What is the remainder when 1507 is divided by 14?
9
Calculate the remainder when 3280 is divided by 1086.
22
Calculate the remainder when 23 is divided by 13.
10
What is the remainder when 305 is divided by 155?
150
Calculate the remainder when 152 is divided by 41.
29
What is the remainder when 518 is divided by 6?
2
Calculate the remainder when 547 is divided by 55.
52
What is the remainder when 79 is divided by 41?
38
What is the remainder when 888 is divided by 23?
14
What is the remainder when 33 is divided by 26?
7
What is the remainder when 442 is divided by 55?
2
Calculate the remainder when 1159 is divided by 36.
7
What is the remainder when 443 is divided by 37?
36
Calculate the remainder when 45 is divided by 18.
9
What is the remainder when 23 is divided by 5?
3
What is the remainder when 737 is divided by 20?
17
What is the remainder when 836 is divided by 56?
52
What is the remainder when 108 is divided by 75?
33
What is the remainder when 133 is divided by 71?
62
What is the remainder when 115 is divided by 70?
45
Calculate the remainder when 117 is divided by 60.
57
Calculate the remainder when 510 is divided by 134.
108
What is the remainder when 28 is divided by 7?
0
What is the remainder when 358 is divided by 41?
30
Calculate the remainder when 209 is divided by 55.
44
Calculate the remainder when 557 is divided by 20.
17
Calculate the remainder when 86 is divided by 6.
2
Calculate the remainder when 120 is divi